/4 - -3). Let c = v + 278. List the prime factors of c.
2, 29
Let j = -387 - -389. Suppose -3*t - 1433 = -j*u, 3*u - 2155 = -0*t - t. What are the prime factors of u?
2, 359
Let g(b) = b + 2. Let l(u) = -u - 1. Let i(m) = 4*g(m) + 9*l(m). Let z be i(1). What are the prime factors of (364/(-8))/(3/z)?
7, 13
Let j be 536*(-4 + (-54)/(-8)). Suppose -2*v - n + 3*n = -j, -5*v - 5*n = -3735. List the prime factors of v.
2, 7, 53
Suppose -2405*k = -2399*k - 101394. What are the prime factors of k?
3, 43, 131
Let x be (0 + 2)*77/22. Suppose -4302 = -11*b - x*b. Suppose 4*c - 201 = b. List the prime factors of c.
2, 5, 11
Let l(g) = g + 92. Let m be l(-12). What are the prime factors of (m - (-2 - (-20)/8))*2?
3, 53
Let f(a) = -5*a**2 + 8*a - 3. Let r be f(3). Let p(c) = -9*c + 22. What are the prime factors of p(r)?
2, 7, 17
Let s be (16/8 - 11) + 4. Let h(z) = 5*z**2 - 4*z - 4. Let u be h(5). What are the prime factors of s/(2 + 3)*-1*u?
101
Suppose -4*o - 4*m + 40 = 0, 2*m + 3*m = -4*o + 45. Suppose -o*z + 0*z + 350 = 0. What are the prime factors of z?
2, 5, 7
Let g(j) = 44*j + 232. Let r(s) = 21*s + 116. Let t(v) = -4*g(v) + 9*r(v). List the prime factors of t(16).
2, 3
Suppose 8*x = -j + 5*x - 126, 3*j - 3*x = -330. List the prime factors of (j/95)/((-4)/3360).
2, 3, 7
Suppose -5*y + 5*v = -5, -2*v + 3 + 3 = 0. Let r be -4 + y + 1 + 35. What are the prime factors of (r/45 + 1/5)*18?
2, 3
Let j(o) = 126*o - 166. Let a be j(6). Suppose -69*f = -67*f - a. What are the prime factors of f?
5, 59
Let d be 4*4/2 + -8 + 4. Suppose d*y + 0*p + 5*p = 101, -2*y = -2*p - 46. List the prime factors of y.
2, 3
Suppose 2*b - 14 = -3*q - 4, 0 = -4*b + 8. Suppose 56 = -4*w - 2*x, -28 = q*w + 2*x - 5*x. Let l = 68 + w. List the prime factors of l.
2, 3
Suppose -8152 = -17*l + 25*l. Let w = -407 - l. What are the prime factors of w?
2, 3, 17
Let y(h) = -5*h**3 + 3*h**2 - h - 2. Let k be y(3). Let q be 71/(76/19 - 30/8). Let f = q + k. List the prime factors of f.
3, 19
Let z = 25 + -23. Let v be 1 - z/((-8)/12). Suppose -v*s + 11 + 49 = 0. List the prime factors of s.
3, 5
Let d(n) = n**2 - 51*n + 34. What are the prime factors of d(-33)?
2, 23, 61
What are the prime factors of 78/(-91) + 132548/28?
4733
Let c(z) = -3*z - 3. Let r be c(-2). Suppose 107 = 3*j + 5*u, 4*j + 5*u - r*u - 138 = 0. Suppose -5*g + 22 = i, -j - 32 = -2*i + g. List the prime factors of i.
2
Suppose 0 = 2*m - 40*m + 6650. Suppose 3304 = -167*z + m*z. What are the prime factors of z?
7, 59
Suppose 244*f + 95678 = -237*f + 492*f. What are the prime factors of f?
2, 4349
Suppose -5*q - 3*s - s + 25 = 0, 0 = -q - 5*s + 26. Let d(g) = -46*g**3 + g**2. Let o be d(q). Let k = o + 76. What are the prime factors of k?
31
Suppose 3*y - 2*w - 39 = 2*w, 52 = 4*y - 5*w. Suppose y*n - 1431 = 9528. What are the prime factors of 4/5 + n/15?
3, 19
Let y(n) = 3 - 5*n - 40*n - 9 - 36. What are the prime factors of y(-5)?
3, 61
Let t = -260 - -269. List the prime factors of 645 + ((-42)/(-6) - t).
643
Suppose -3*x = -x - 636. Suppose 2*t - x = -y, -648 = -4*t - 4*y + 5*y. Suppose 0*m + 4*q + 280 = 4*m, -2*m - 5*q = -t. List the prime factors of m.
73
Let k = -163 + 143. Let q(x) = x**2 + 5*x + 50. List the prime factors of q(k).
2, 5, 7
Suppose 5*x + 27416 = 3*j, -j - 10*x - 9147 = -2*j. What are the prime factors of j?
9137
Let o be (-50)/(-18) + -3 - (-4792)/18. Suppose -5*n = -254 - o. Suppose -5*z + 3*t + 325 = 0, -n = -4*z + 2*z - 4*t. What are the prime factors of z?
2, 31
Let l = -3935 - -9315. List the prime factors of l.
2, 5, 269
Suppose -3*i - 3*y + 291 = 0, -3*i - i - 2*y + 378 = 0. Suppose w + i - 404 = 0. What are the prime factors of w?
2, 3, 13
Suppose 4*q - 61*r + 64*r = 28617, q - 2*r - 7168 = 0. List the prime factors of q.
2, 3, 1193
Let l(j) = 44*j**2 + 23*j - 23. Let h = 102 - 101. List the prime factors of l(h).
2, 11
Let m = -298 + 590. Suppose 4*h + 3*j - m = 2*h, 0 = -3*h - j + 452. List the prime factors of h.
2, 19
Suppose 3*x + 1722 = -4*x. Let k = x - -441. List the prime factors of k.
3, 5, 13
Suppose -26 = -2*p - 34. Let n be (-2)/4 + (-50)/p. Suppose 0*i + 281 = z + 3*i, 0 = -4*i - n. List the prime factors of z.
2, 5, 29
Let y = -1137 - -17303. List the prime factors of y.
2, 59, 137
Let p be (-2 + (3 - 5))/((-4)/3342). Let o be 1/5 - (p/(-5))/3. Suppose 19 = l - t - 22, 4*t - o = -5*l. What are the prime factors of l?
43
Let f = -1204 - -1877. Let r = f + -447. What are the prime factors of r?
2, 113
Suppose -595702 - 187130 = -24*t. List the prime factors of t.
2, 47, 347
Suppose 14*x = -52*x + 228723 + 127611. What are the prime factors of x?
5399
Let c = 7428 + -301. List the prime factors of c.
7127
Let a(s) be the second derivative of s**4/12 - 7*s**3/6 + 11*s**2/2 + 2*s - 60. What are the prime factors of a(-16)?
379
Suppose 74491 = 55*z - 33584. List the prime factors of z.
3, 5, 131
Let y(u) = -4*u**3 + 10*u**2 + 19*u + 12. Suppose -10*f - 19*f - 145 = 0. What are the prime factors of y(f)?
23, 29
Suppose -15*l = -11*l + 24. Let m(h) = -3*h**3 - 10*h**2 + h - 8. What are the prime factors of m(l)?
2, 137
Let k(i) = 44*i**3 - 33*i**2 - 3*i - 7. What are the prime factors of k(6)?
8291
Let i = 5 - 7. Let z(r) = 30*r**2 + 35122*r - 4 - 35122*r. List the prime factors of z(i).
2, 29
Let c = -15 + 19. Suppose -25 = -c*t - 9. List the prime factors of (37 - 4 - 2) + t.
5, 7
What are the prime factors of 4/80 - 553485/(-300)?
3, 5, 41
Let o be (-3 - -6)/((-12)/(-1424)). Suppose -5*v + 654 = -o. What are the prime factors of v?
2, 101
What are the prime factors of 44/(-4) + 6113 + 3?
3, 5, 11, 37
Let v(t) = -346*t - 994. What are the prime factors of v(-22)?
2, 3, 1103
Let u(s) = -s**3 + 18*s**2 - s + 18. Let m be u(16). Let w = -240 - -362. Suppose w = -8*p + m. List the prime factors of p.
7
Suppose 0 = 6*m - 5*m - 62. Let s = 18 - m. Let c = 65 + s. What are the prime factors of c?
3, 7
Suppose -2*l - 7 = -p, -22 + 7 = -3*p. What are the prime factors of l/(1 + 2)*4422/(-2)?
11, 67
Suppose -5*o + 3*a - 14 + 41 = 0, -35 = -5*o + 5*a. Suppose -o*y + 888 = 3*l, -4*y - 2*l + 167 = -1023. List the prime factors of y.
13, 23
Let q(f) = 6*f + 0*f - 7 + 3*f - 46. Let x be q(6). List the prime factors of (238 + x)*(-3)/(-1 + -2).
239
Suppose 426*u = 539*u - 4945445. What are the prime factors of u?
5, 8753
Suppose -3*t + 12 = 4*b - 22, -5*b + 33 = -t. Let g(i) = 27*i**2 - 4*i + 54. List the prime factors of g(b).
19, 71
Let i(o) = 3*o**2 - 95*o + 58. Let k be i(50). Let b = k + -1612. List the prime factors of b.
2, 13, 23
Suppose -2*n + 2704 = -9*q + 13*q, -3*q + 4032 = 3*n. List the prime factors of n.
2, 167
Let j = -1733 + 2914. Suppose -y = 3, -3*i + 5*i - j = -y. What are the prime factors of i?
2, 37
Let s = -3438 - -4813. Let d be s/(-15) + 4 - (-2)/3. Let v = -51 - d. List the prime factors of v.
2, 3
Let b = 24 - 32. Let q(m) = -5*m + 19. Let w be q(b). Suppose -2*g - 5 = -w. List the prime factors of g.
3
Suppose -65*n + 20 = -61*n. Suppose 0*d + 2*r = n*d - 38, 5*r + 2 = -3*d. Suppose 4*h + 4*w = 112, -d*w + 34 = h - 3*w. What are the prime factors of h?
5
What are the prime factors of (1*(5 - 8))/(21/(-88529))?
12647
List the prime factors of 26327 - ((-93)/13 + (-86)/(-559)).
2, 3, 7, 11, 19
Suppose -4*o - 2*x = 2*x, -2*x - 10 = -3*o. Let h be o/9 - (-1420)/90. Suppose -h - 67 = -j. List the prime factors of j.
83
Let v(j) = 28*j**2 + 12 - 4*j - 23*j**2 - 7 + j**3. What are the prime factors of v(5)?
5, 47
Let v = 338 - 334. Suppose -4*o = -2*h - 6752, -5*o + v*o + 3*h = -1693. List the prime factors of o.
7, 241
Suppose 21*d = 51382 + 60296. List the prime factors of d.
2, 2659
Let y(j) = 7 + 35 + 2*j - j + 3*j. Let d be y(10). Suppose -3*r + 299 = -d. What are the prime factors of r?
127
Suppose -5*d + q - 4*q = -5, 2*d - 5*q - 33 = 0. Suppose d*m - 9*m = 120. Let n = m + 159. What are the prime factors of n?
3, 5
Let f(p) be the third derivative of -p**6/120 - p**5/10 - 3*p**4/8 - 11*p**3/6 - 20*p**2. Suppose j = -4*j + 25, 3*a = 4*j - 38. List the prime factors of f(a).
43
Suppose -2*z = -2*a + 10, 19*a - 17*a + 14 = -4*z. List the prime factors of (a - (-4)/(-6))*(-3 + 2982).
3, 331
Let l(f) be the third derivative of -47*f**4/24 + 169*f**3/2 + 156*f**2. List 